{"id":50,"date":"2025-01-08T09:03:04","date_gmt":"2025-01-08T09:03:04","guid":{"rendered":"https:\/\/www.martinbarthel.de\/bastidemo\/?page_id=50"},"modified":"2026-01-20T10:34:23","modified_gmt":"2026-01-20T09:34:23","slug":"personal-training","status":"publish","type":"page","link":"https:\/\/www.tk2d-academy.de\/index.php\/personal-training\/","title":{"rendered":"Personal Training"},"content":{"rendered":"\n<p><strong>Dein Personal Training f\u00fcr Selbstverteidigung und Selbstbewusstsein<\/strong><\/p>\n\n\n\n<p>M\u00f6chtest du deine Selbstverteidigung auf das n\u00e4chste Level bringen oder einen individuellen Einstieg finden? Im&nbsp;<strong>Personal Training<\/strong>&nbsp;arbeiten wir gemeinsam an deinen Zielen \u2013 flexibel, effektiv und genau auf dich abgestimmt!<\/p>\n\n\n\n<h3 class=\"wp-block-heading\"><strong>Was dich erwartet:<\/strong><\/h3>\n\n\n\n<ul class=\"wp-block-list\">\n<li><strong>Individuelle Betreuung:<\/strong>&nbsp;Ob Anf\u00e4nger oder Fortgeschrittener \u2013 ich passe jede Trainingseinheit an dein K\u00f6nnen und deine Bed\u00fcrfnisse an.<\/li>\n\n\n\n<li><strong>Effektive Techniken:<\/strong>&nbsp;Lerne, wie du dich in realen Gefahrensituationen verteidigst, Gefahren fr\u00fchzeitig erkennst und souver\u00e4n reagierst.<\/li>\n\n\n\n<li><strong>Flexibilit\u00e4t:<\/strong>&nbsp;Du bestimmst den Ort, die Zeit und das Tempo \u2013 wir trainieren genau so, wie es in deinen Alltag passt.<\/li>\n\n\n\n<li><strong>Mentale St\u00e4rke:<\/strong>\u00a0Neben den k\u00f6rperlichen Techniken unterst\u00fctze ich dich dabei, dein Selbstbewusstsein zu st\u00e4rken und eine positive Ausstrahlung zu entwickeln.<\/li>\n<\/ul>\n\n\n\n<p><\/p>\n\n\n<div class=\"wp-block-image\">\n<figure class=\"aligncenter size-full is-resized\"><img decoding=\"async\" src=\"https:\/\/www.tk2d-academy.de\/wp-content\/uploads\/2025\/01\/IMG_2937.heic\" alt=\"\" class=\"wp-image-242\" style=\"width:599px;height:auto\"\/><\/figure>\n<\/div>\n\n\n<p><\/p>\n\n\n\n<p><\/p>\n\n\n\n<h3 class=\"wp-block-heading\"><strong>F\u00fcr wen ist das Personal Training geeignet?<\/strong><\/h3>\n\n\n\n<ul class=\"wp-block-list\">\n<li>F\u00fcr alle, die gezielt an ihrer Sicherheit und Selbstverteidigung arbeiten m\u00f6chten.<\/li>\n\n\n\n<li>F\u00fcr Menschen mit wenig Zeit, die ein flexibles Training suchen.<\/li>\n\n\n\n<li>F\u00fcr jeden, der pers\u00f6nliche Herausforderungen meistern und sich weiterentwickeln will.<\/li>\n<\/ul>\n\n\n\n<p>Gemeinsam mach ich dich fit \u2013 k\u00f6rperlich und mental. Starte jetzt dein ma\u00dfgeschneidertes Training und entdecke, wie sicher und stark du dich f\u00fchlen kannst!<\/p>\n\n\n\n<p>Gern auch f\u00fcr mehrere Personen oder kleine Gruppen.<\/p>\n\n\n\n<p>Melde dich noch heute und lass uns dein Training planen. Dein Weg zur inneren und \u00e4u\u00dferen Sicherheit beginnt hier!<\/p>\n\n\n\n<hr class=\"wp-block-separator has-alpha-channel-opacity\"\/>\n","protected":false},"excerpt":{"rendered":"<p>Dein Personal Training f\u00fcr Selbstverteidigung und Selbstbewusstsein M\u00f6chtest du deine Selbstverteidigung auf das n\u00e4chste Level bringen oder einen individuellen Einstieg finden? Im&nbsp;Personal Training&nbsp;arbeiten wir gemeinsam [&hellip;]<\/p>\n","protected":false},"author":2,"featured_media":0,"parent":0,"menu_order":0,"comment_status":"closed","ping_status":"closed","template":"","meta":{"om_disable_all_campaigns":false,"_monsterinsights_skip_tracking":false,"_monsterinsights_sitenote_active":false,"_monsterinsights_sitenote_note":"","_monsterinsights_sitenote_category":0,"footnotes":""},"class_list":["post-50","page","type-page","status-publish","hentry"],"aioseo_notices":[],"_links":{"self":[{"href":"https:\/\/www.tk2d-academy.de\/index.php\/wp-json\/wp\/v2\/pages\/50","targetHints":{"allow":["GET"]}}],"collection":[{"href":"https:\/\/www.tk2d-academy.de\/index.php\/wp-json\/wp\/v2\/pages"}],"about":[{"href":"https:\/\/www.tk2d-academy.de\/index.php\/wp-json\/wp\/v2\/types\/page"}],"author":[{"embeddable":true,"href":"https:\/\/www.tk2d-academy.de\/index.php\/wp-json\/wp\/v2\/users\/2"}],"replies":[{"embeddable":true,"href":"https:\/\/www.tk2d-academy.de\/index.php\/wp-json\/wp\/v2\/comments?post=50"}],"version-history":[{"count":7,"href":"https:\/\/www.tk2d-academy.de\/index.php\/wp-json\/wp\/v2\/pages\/50\/revisions"}],"predecessor-version":[{"id":246,"href":"https:\/\/www.tk2d-academy.de\/index.php\/wp-json\/wp\/v2\/pages\/50\/revisions\/246"}],"wp:attachment":[{"href":"https:\/\/www.tk2d-academy.de\/index.php\/wp-json\/wp\/v2\/media?parent=50"}],"curies":[{"name":"wp","href":"https:\/\/api.w.org\/{rel}","templated":true}]}}