{"id":202,"date":"2025-01-10T08:13:08","date_gmt":"2025-01-10T07:13:08","guid":{"rendered":"https:\/\/www.tk2d-academy.de\/?page_id=202"},"modified":"2026-01-20T10:38:28","modified_gmt":"2026-01-20T09:38:28","slug":"sport-und-fintess","status":"publish","type":"page","link":"https:\/\/www.tk2d-academy.de\/index.php\/sport-und-fintess\/","title":{"rendered":"Sport- und Fitness"},"content":{"rendered":"\n<p>Neben meinen Selbstverteidigungsangeboten biete ich vielseitige Fitness- und Sportangebote f\u00fcr alle Altersgruppen an. Durch meine langj\u00e4hrige Erfahrung im Kampfsport verf\u00fcge ich \u00fcber umfassende Expertise in den Bereichen Stretching, Mobilit\u00e4t und funktionelles Training.<\/p>\n\n\n\n<p>Mit einer C-Lizenz als \u00dcbungsleiter und Fitnesstrainer garantiere ich qualifizierte und individuell abgestimmte Einheiten \u2013 ob f\u00fcr Kinder, Jugendliche, Erwachsene oder Senioren. Zudem habe ich bereits  Fitnesskurse an der Volkshochschule vertreten und konnte dort Teilnehmende unterschiedlichster Altersgruppen motivieren und begleiten.<\/p>\n\n\n<div class=\"wp-block-image\">\n<figure class=\"aligncenter size-large\"><img fetchpriority=\"high\" decoding=\"async\" width=\"728\" height=\"1024\" src=\"https:\/\/www.tk2d-academy.de\/wp-content\/uploads\/2025\/01\/VHS-Fit-728x1024.jpg\" alt=\"\" class=\"wp-image-209\" srcset=\"https:\/\/www.tk2d-academy.de\/wp-content\/uploads\/2025\/01\/VHS-Fit-728x1024.jpg 728w, https:\/\/www.tk2d-academy.de\/wp-content\/uploads\/2025\/01\/VHS-Fit-213x300.jpg 213w, https:\/\/www.tk2d-academy.de\/wp-content\/uploads\/2025\/01\/VHS-Fit-768x1081.jpg 768w, https:\/\/www.tk2d-academy.de\/wp-content\/uploads\/2025\/01\/VHS-Fit-1092x1536.jpg 1092w, https:\/\/www.tk2d-academy.de\/wp-content\/uploads\/2025\/01\/VHS-Fit-1456x2048.jpg 1456w, https:\/\/www.tk2d-academy.de\/wp-content\/uploads\/2025\/01\/VHS-Fit.jpg 1769w\" sizes=\"(max-width: 728px) 100vw, 728px\" \/><\/figure>\n<\/div>\n\n\n<p>Egal, ob du deine Beweglichkeit optimieren, Kraft aufbauen oder deine Fitness steigern m\u00f6chtest \u2013 ich unterst\u00fctze dich dabei, deine Ziele zu erreichen!<\/p>\n\n\n\n<p><strong>Kontaktier mich gern und wir finden das passende Angebot f\u00fcr dich oder deine Gruppe!<\/strong><\/p>\n\n\n\n<p>Aktuell findet auch jeden Mittwoch ein Angebot zu diesem Thema in der TK2D Academy statt. Mehr Infos dazu findest du <em><a href=\"https:\/\/www.tk2d-academy.de\/index.php\/stretching-und-fitness\/\" title=\"Stretching und Fitness\"><mark style=\"background-color:rgba(0, 0, 0, 0)\" class=\"has-inline-color has-vivid-cyan-blue-color\">HIER<\/mark><\/a><\/em>.<\/p>\n\n\n\n<p><\/p>\n","protected":false},"excerpt":{"rendered":"<p>Neben meinen Selbstverteidigungsangeboten biete ich vielseitige Fitness- und Sportangebote f\u00fcr alle Altersgruppen an. Durch meine langj\u00e4hrige Erfahrung im Kampfsport verf\u00fcge ich \u00fcber umfassende Expertise in [&hellip;]<\/p>\n","protected":false},"author":2,"featured_media":0,"parent":0,"menu_order":0,"comment_status":"closed","ping_status":"closed","template":"","meta":{"om_disable_all_campaigns":false,"_monsterinsights_skip_tracking":false,"_monsterinsights_sitenote_active":false,"_monsterinsights_sitenote_note":"","_monsterinsights_sitenote_category":0,"footnotes":""},"class_list":["post-202","page","type-page","status-publish","hentry"],"aioseo_notices":[],"_links":{"self":[{"href":"https:\/\/www.tk2d-academy.de\/index.php\/wp-json\/wp\/v2\/pages\/202","targetHints":{"allow":["GET"]}}],"collection":[{"href":"https:\/\/www.tk2d-academy.de\/index.php\/wp-json\/wp\/v2\/pages"}],"about":[{"href":"https:\/\/www.tk2d-academy.de\/index.php\/wp-json\/wp\/v2\/types\/page"}],"author":[{"embeddable":true,"href":"https:\/\/www.tk2d-academy.de\/index.php\/wp-json\/wp\/v2\/users\/2"}],"replies":[{"embeddable":true,"href":"https:\/\/www.tk2d-academy.de\/index.php\/wp-json\/wp\/v2\/comments?post=202"}],"version-history":[{"count":4,"href":"https:\/\/www.tk2d-academy.de\/index.php\/wp-json\/wp\/v2\/pages\/202\/revisions"}],"predecessor-version":[{"id":719,"href":"https:\/\/www.tk2d-academy.de\/index.php\/wp-json\/wp\/v2\/pages\/202\/revisions\/719"}],"wp:attachment":[{"href":"https:\/\/www.tk2d-academy.de\/index.php\/wp-json\/wp\/v2\/media?parent=202"}],"curies":[{"name":"wp","href":"https:\/\/api.w.org\/{rel}","templated":true}]}}